{"id":287,"date":"2025-12-11T14:56:50","date_gmt":"2025-12-11T14:56:50","guid":{"rendered":"https:\/\/eicic.unach.edu.ec\/?page_id=287"},"modified":"2025-12-11T16:17:58","modified_gmt":"2025-12-11T16:17:58","slug":"fases-del-proyecto","status":"publish","type":"page","link":"https:\/\/eicic.unach.edu.ec\/?page_id=287","title":{"rendered":"Fases del proyecto"},"content":{"rendered":"\n<h2 class=\"wp-block-heading\"><strong>1. Fase Epistemol\u00f3gica<\/strong><\/h2>\n\n\n\n<p>Levantamiento de informaci\u00f3n cultural, social y tur\u00edstica de las parroquias rurales para construir la base conceptual del proyecto.<\/p>\n\n\n\n<hr class=\"wp-block-separator has-alpha-channel-opacity\"\/>\n\n\n\n<h2 class=\"wp-block-heading\"><strong>2. Fase Metodol\u00f3gico\u2013Pragm\u00e1tica<\/strong><\/h2>\n\n\n\n<p>Aplicaci\u00f3n de metodolog\u00edas activas y encuentros formativos de ingl\u00e9s basados en la realidad y cultura de cada comunidad.<\/p>\n\n\n\n<hr class=\"wp-block-separator has-alpha-channel-opacity\"\/>\n\n\n\n<h2 class=\"wp-block-heading\"><strong>3. Fase de Construcci\u00f3n de Identidad Cultural<\/strong><\/h2>\n\n\n\n<p>Creaci\u00f3n de recursos gr\u00e1ficos y audiovisuales que reflejan y fortalecen la identidad cultural de las parroquias participantes.<\/p>\n","protected":false},"excerpt":{"rendered":"<p>1. Fase Epistemol\u00f3gica Levantamiento de informaci\u00f3n cultural, social y tur\u00edstica de las parroquias rurales para construir la base conceptual del proyecto. 2. Fase Metodol\u00f3gico\u2013Pragm\u00e1tica Aplicaci\u00f3n de metodolog\u00edas activas y encuentros formativos de ingl\u00e9s basados en la realidad y cultura de cada comunidad. 3. Fase de Construcci\u00f3n de Identidad Cultural Creaci\u00f3n de recursos gr\u00e1ficos y audiovisuales [&hellip;]<\/p>\n","protected":false},"author":1,"featured_media":0,"parent":0,"menu_order":0,"comment_status":"closed","ping_status":"closed","template":"","meta":{"footnotes":""},"class_list":["post-287","page","type-page","status-publish","hentry"],"_links":{"self":[{"href":"https:\/\/eicic.unach.edu.ec\/index.php?rest_route=\/wp\/v2\/pages\/287","targetHints":{"allow":["GET"]}}],"collection":[{"href":"https:\/\/eicic.unach.edu.ec\/index.php?rest_route=\/wp\/v2\/pages"}],"about":[{"href":"https:\/\/eicic.unach.edu.ec\/index.php?rest_route=\/wp\/v2\/types\/page"}],"author":[{"embeddable":true,"href":"https:\/\/eicic.unach.edu.ec\/index.php?rest_route=\/wp\/v2\/users\/1"}],"replies":[{"embeddable":true,"href":"https:\/\/eicic.unach.edu.ec\/index.php?rest_route=%2Fwp%2Fv2%2Fcomments&post=287"}],"version-history":[{"count":2,"href":"https:\/\/eicic.unach.edu.ec\/index.php?rest_route=\/wp\/v2\/pages\/287\/revisions"}],"predecessor-version":[{"id":334,"href":"https:\/\/eicic.unach.edu.ec\/index.php?rest_route=\/wp\/v2\/pages\/287\/revisions\/334"}],"wp:attachment":[{"href":"https:\/\/eicic.unach.edu.ec\/index.php?rest_route=%2Fwp%2Fv2%2Fmedia&parent=287"}],"curies":[{"name":"wp","href":"https:\/\/api.w.org\/{rel}","templated":true}]}}